{"id":182,"date":"2019-09-18T13:29:21","date_gmt":"2019-09-18T11:29:21","guid":{"rendered":"https:\/\/dreamspace.pl\/?page_id=182"},"modified":"2022-01-03T09:52:27","modified_gmt":"2022-01-03T08:52:27","slug":"regulamin-wynajmu","status":"publish","type":"page","link":"https:\/\/dreamspace.pl\/index.php\/regulamin-wynajmu\/","title":{"rendered":"Regulamin wynajmu"},"content":{"rendered":"\t\t<div data-elementor-type=\"wp-page\" data-elementor-id=\"182\" class=\"elementor elementor-182\">\n\t\t\t\t\t\t<div class=\"elementor-inner\">\n\t\t\t\t<div class=\"elementor-section-wrap\">\n\t\t\t\t\t\t\t\t\t<section class=\"elementor-section elementor-top-section elementor-element elementor-element-ac59b54 elementor-section-stretched elementor-section-boxed elementor-section-height-default elementor-section-height-default\" data-id=\"ac59b54\" data-element_type=\"section\" data-settings=\"{&quot;stretch_section&quot;:&quot;section-stretched&quot;}\">\n\t\t\t\t\t\t<div class=\"elementor-container elementor-column-gap-default\">\n\t\t\t\t\t\t\t<div class=\"elementor-row\">\n\t\t\t\t\t<div class=\"elementor-column elementor-col-100 elementor-top-column elementor-element elementor-element-b7635d4\" data-id=\"b7635d4\" data-element_type=\"column\">\n\t\t\t<div class=\"elementor-column-wrap elementor-element-populated\">\n\t\t\t\t\t\t\t<div class=\"elementor-widget-wrap\">\n\t\t\t\t\t\t<div class=\"elementor-element elementor-element-41ebcb0 elementor-widget elementor-widget-text-editor\" data-id=\"41ebcb0\" data-element_type=\"widget\" data-widget_type=\"text-editor.default\">\n\t\t\t\t<div class=\"elementor-widget-container\">\n\t\t\t\t\t\t\t\t<div class=\"elementor-text-editor elementor-clearfix\">\n\t\t\t\t<p style=\"margin: 0cm 0cm 11.25pt; font-family: Calibri, sans-serif; caret-color: #000000; color: #000000; text-align: center;\" align=\"center\"><span style=\"font-size: 13.5pt; font-family: Arial, sans-serif; color: #34343c;\">\u00a71 WST\u0118P<\/span><\/p><p style=\"margin: 0cm 0cm 7.5pt; font-family: Calibri, sans-serif; caret-color: #000000; color: #000000; text-align: justify;\"><span style=\"font-size: 11.5pt; font-family: Arial, sans-serif; color: #606060;\">1. Niniejszy regulamin okre\u015bla zasady \u015bwiadczenia us\u0142ug przez firm\u0119 Tamara Szweryn-Jarecka, NIP 5252008280 ul. Kr\u00f3\u017ca\u0144ska 8 lok. 1\/2\/, 02-578 Warszawa<\/span><span style=\"color: #606060; font-family: Arial, sans-serif; font-size: 11.5pt;\">, w\u0142a\u015bciciela marki DreamSpace, zwan\u0105 dalej Us\u0142ugodawc\u0105 a ka\u017cdym podmiotem \u00a0dokonuj\u0105cym rezerwacji sali spotka\u0144 w DreamSpace, Warszawa, ul. Kr\u00f3\u017ca\u0144ska 8 lok. 1, zwanym dalej Us\u0142ugobiorc\u0105.<\/span><\/p><p style=\"margin: 0cm 0cm 7.5pt; font-family: Calibri, sans-serif; caret-color: #000000; color: #000000; text-align: justify;\"><span style=\"font-size: 11.5pt; font-family: Arial, sans-serif; color: #606060;\">2. Ilekro\u0107 w niniejszym Regulaminie jest mowa o stronie internetowej nale\u017cy przez to rozumie\u0107 stron\u0119 internetow\u0105\u00a0\u00a0<\/span><a style=\"color: #954f72; text-decoration: underline;\" href=\"http:\/\/www.dreamspace.pl\/\"><span style=\"font-size: 11.5pt; font-family: Arial, sans-serif;\">https:\/\/www.dreamspace.pl\/<\/span><\/a><\/p><p style=\"margin: 0cm 0cm 7.5pt; font-family: Calibri, sans-serif; caret-color: #000000; color: #000000; text-align: justify;\"><span style=\"font-size: 11.5pt; font-family: Arial, sans-serif; color: #606060;\">3. Ilekro\u0107 w niniejszym Regulaminie jest mowa o funpage\u2019u w serwisie spo\u0142eczno\u015bciowym na Facebook\u2019u. nale\u017cy przez to rozumie\u0107 stron\u0119\u00a0 \u00a0<\/span><a style=\"color: #954f72; text-decoration: underline;\" href=\"https:\/\/www.facebook.com\/DreamSpaceMokotow\/\"><span style=\"font-size: 11.5pt; font-family: Arial, sans-serif;\">https:\/\/www.facebook.com\/DreamSpaceMokotow\/<\/span><\/a><\/p><p style=\"margin: 0cm 0cm 7.5pt; font-family: Calibri, sans-serif; caret-color: #000000; color: #000000; text-align: justify;\"><span style=\"font-size: 11.5pt; font-family: Arial, sans-serif; color: #606060;\">4. Zakres, szczeg\u00f3\u0142y i warunki \u015bwiadczenia us\u0142ug zawarte s\u0105 w niniejszym Regulaminie i na stronie internetowej, przy czym informacje te nale\u017cy zawsze rozpatrywa\u0107 \u0142\u0105cznie.<\/span><\/p><p style=\"margin: 0cm 0cm 7.5pt; font-family: Calibri, sans-serif; caret-color: #000000; color: #000000; text-align: justify;\"><span style=\"font-size: 11.5pt; font-family: Arial, sans-serif; color: #606060;\">\u00a0<\/span><\/p><p style=\"margin: 0cm 0cm 11.25pt; font-family: Calibri, sans-serif; caret-color: #000000; color: #000000; text-align: center;\" align=\"center\"><span style=\"font-size: 13.5pt; font-family: Arial, sans-serif; color: #34343c;\">\u00a72 ZASADY WYNAJMU SAL<\/span><\/p><p style=\"margin: 0cm 0cm 7.5pt; font-family: Calibri, sans-serif; caret-color: #000000; color: #000000; text-align: justify;\"><span style=\"font-size: 11.5pt; font-family: Arial, sans-serif; color: #606060;\">1. Gabinety i Sala Warsztatowa dost\u0119pne s\u0105 dla Us\u0142ugobiorc\u00f3w w godzinach 8:00 \u2013 22:00 w dni powszednie i w godzinach 8:00 \u2013 21:00 w sobot\u0119 i niedziel\u0119.<\/span><\/p><p style=\"margin: 0cm 0cm 7.5pt; font-family: Calibri, sans-serif; caret-color: #000000; color: #000000; text-align: justify;\"><span style=\"font-size: 11.5pt; font-family: Arial, sans-serif; color: #606060;\">2. Rezerwacji Gabinetu \/ Sali Warsztatowej\u00a0\u00a0dokonuje si\u0119 poprzez serwis\u00a0<i>Booksy.com <\/i>bezpo\u015brednio lub poprzez\u00a0link\u00a0dost\u0119pny na stronie internetowej oraz funpage&#8217;u w serwisie Facebook..<\/span><\/p><p style=\"margin: 0cm 0cm 7.5pt; font-family: Calibri, sans-serif; caret-color: #000000; color: #000000; text-align: justify;\"><i><span style=\"font-size: 11.5pt; font-family: Arial, sans-serif; color: #606060;\">3.\u00a0<\/span><\/i><span style=\"font-size: 11.5pt; font-family: Arial, sans-serif; color: #606060;\">Przy pierwszorazowym korzystaniu z wynajmu nale\u017cy poda\u0107 drog\u0105 mailow\u0105 na adres\u00a0\u00a0michal@dreamspace.pl pe\u0142ne dane Us\u0142ugodawcy wymagane do wystawienia faktury VAT.\u00a0<\/span><\/p><p style=\"margin: 0cm 0cm 7.5pt; font-family: Calibri, sans-serif; caret-color: #000000; color: #000000; text-align: justify;\"><span style=\"font-size: 11.5pt; font-family: Arial, sans-serif; color: #606060;\">3. Bezkosztowe anulowanie rezerwacji Sali mo\u017cliwe jest najp\u00f3\u017aniej do 24 godzin przed rezerwacj\u0105 w wypadku rezerwacji pojedynczych godzin. Rezygnacja musi zosta\u0107 zg\u0142oszona Us\u0142ugodawcy poprzez anulowanie rezerwacji w serwisie Booksy.com. W przypadku braku takiego zg\u0142oszenia Us\u0142ugobiorca zobowi\u0105zany jest do p\u0142atno\u015bci za zg\u0142oszona rezerwacj\u0119.<\/span><\/p><p style=\"margin: 0cm 0cm 7.5pt; font-family: Calibri, sans-serif; caret-color: #000000; color: #000000; text-align: justify;\"><span style=\"font-size: 11.5pt; font-family: Arial, sans-serif; color: #606060;\">4. W przypadku rezerwacji Sali Warsztatowej na warsztaty 1-dniowe lub d\u0142u\u017csze Us\u0142ugobiorca wp\u0142aca tytu\u0142em zaliczki kwot\u0119 30% warto\u015bci ca\u0142ej rezerwacji. Wp\u0142ata ta jest bezzwrotna, bez wzgl\u0119du czy warsztaty dojd\u0105 do skutku czy nie.<\/span><\/p><p style=\"margin: 0cm 0cm 7.5pt; font-family: Calibri, sans-serif; caret-color: #000000; color: #000000; text-align: justify;\"><span style=\"font-size: 11.5pt; font-family: Arial, sans-serif; color: #606060;\">5. W przypadku przed\u0142u\u017cenia czasu korzystania z Gabinetu \/Sali, Us\u0142ugodawca uprawniony jest do naliczania dodatkowej op\u0142aty za ka\u017cde rozpocz\u0119te 30 min. najmu, wed\u0142ug cennika umieszczonego na stronie internetowej<\/span><\/p><p style=\"margin: 0cm 0cm 7.5pt; font-family: Calibri, sans-serif; caret-color: #000000; color: #000000; text-align: justify;\"><span style=\"font-size: 11.5pt; font-family: Arial, sans-serif; color: #606060;\">6. Us\u0142ugobiorca zostanie obci\u0105\u017cony pe\u0142nymi kosztami naprawy uszkodze\u0144 sali powsta\u0142ych w wyniku niew\u0142a\u015bciwego jej u\u017cytkowania.<\/span><\/p><p style=\"margin: 0cm 0cm 7.5pt; font-family: Calibri, sans-serif; caret-color: #000000; color: #000000; text-align: justify;\"><span style=\"font-size: 11.5pt; font-family: Arial, sans-serif; color: #606060;\">7. Nie zezwala si\u0119 jest odst\u0119powanie godzin Gabinet\u00f3w, Sali Warsztatowej osobom trzecim bez zgody Us\u0142ugodawcy.<\/span><\/p><p style=\"margin: 0cm 0cm 7.5pt; font-family: Calibri, sans-serif; caret-color: #000000; color: #000000; text-align: justify;\"><span style=\"font-size: 11.5pt; font-family: Arial, sans-serif; color: #606060;\">8. We wszystkich pomieszczeniach nale\u017c\u0105cych do Us\u0142ugodawcy obowi\u0105zuje ca\u0142kowity zakaz palenia tytoniu i picia alkoholu<\/span><span style=\"color: #606060; font-family: Arial, sans-serif; font-size: 11.5pt;\">.<\/span><\/p><p style=\"margin: 0cm 0cm 7.5pt; font-family: Calibri, sans-serif; caret-color: #000000; color: #000000; text-align: justify;\"><span style=\"font-size: 11.5pt; font-family: Arial, sans-serif; color: #606060;\">9. U\u017cytkownicy zobowi\u0105zani s\u0105 do zachowania ciszy i spokoju, a w szczeg\u00f3lno\u015bci wyciszenia dzwonk\u00f3w telefon\u00f3w kom\u00f3rkowych<\/span><\/p><p style=\"margin: 0cm 0cm 7.5pt; font-family: Calibri, sans-serif; caret-color: #000000; color: #000000; text-align: justify;\"><span style=\"font-size: 11.5pt; font-family: Arial, sans-serif; color: #606060;\">10. Us\u0142ugodawca nie odpowiada za przedmioty pozostawione w wynajmowanych pomieszczeniach przez Wynajmuj\u0105cego.<\/span><\/p><p style=\"margin: 0cm 0cm 7.5pt; text-align: justify;\"><span style=\"color: #606060; font-family: Arial, sans-serif;\"><span style=\"caret-color: #000000; font-size: 11.5pt;\">11. Us\u0142ugobiorcy s\u0105 zobowi\u0105zani do pozostawienia wynajmowanych gabinet\u00f3w w stanie, w kt\u00f3rym je zastali. W szczeg\u00f3lno\u015bci dotyczy to\u00a0<\/span><span style=\"caret-color: #000000; font-size: 15.333333015441895px;\">postawienia<\/span><span style=\"caret-color: #000000; font-size: 11.5pt;\">\u00a0mebli i wyposa\u017cenia w tym samym miejscu, ods\u0142oni\u0119cie zas\u0142on,\u00a0<\/span><span style=\"caret-color: #000000; font-size: 15.333333015441895px;\">uprz\u0105tni\u0119cie naczy\u0144, \u015bmieci itp.<\/span><span style=\"caret-color: #000000; font-size: 11.5pt;\">\u00a0<\/span><\/span><\/p><p style=\"margin: 0cm 0cm 7.5pt; font-family: Calibri, sans-serif; caret-color: #000000; color: #000000; text-align: justify;\"><span style=\"font-size: 11.5pt; font-family: Arial, sans-serif; color: #606060;\">\u00a0<\/span><\/p><p style=\"margin: 0cm 0cm 7.5pt; font-family: Calibri, sans-serif; caret-color: #000000; color: #000000; text-align: justify;\"><span style=\"font-size: 11.5pt; font-family: Arial, sans-serif; color: #606060;\">\u00a0<\/span><\/p><p style=\"margin: 0cm 0cm 11.25pt; font-family: Calibri, sans-serif; caret-color: #000000; color: #000000; text-align: center;\" align=\"center\"><span style=\"font-size: 13.5pt; font-family: Arial, sans-serif; color: #34343c;\">\u00a74 WARUNKI I TERMINY P\u0141ATNO\u015aCI<\/span><\/p><p style=\"margin: 0cm 0cm 7.5pt; font-family: Calibri, sans-serif; caret-color: #000000; color: #000000; text-align: justify;\"><span style=\"font-size: 11.5pt; font-family: Arial, sans-serif; color: #606060;\">1. Wszelkie p\u0142atno\u015bci dokonywane s\u0105 na podstawie wystawionych faktur VAT po wykonanej us\u0142udze got\u00f3wk\u0105 lub przelewem, z siedmiodniowym terminem p\u0142atno\u015bci. P\u0142atno\u015bci dokonywa\u0107 nale\u017cy na numer rachunku podany na fakturze.<\/span><\/p><p style=\"margin: 0cm 0cm 7.5pt; font-family: Calibri, sans-serif; caret-color: #000000; color: #000000; text-align: justify;\"><span style=\"font-size: 11.5pt; font-family: Arial, sans-serif; color: #606060;\">2. Za dokonanie wp\u0142aty uwa\u017ca si\u0119 dzie\u0144 otrzymania got\u00f3wki lub dzie\u0144 zaksi\u0119gowania wp\u0142ywu na rachunku bankowym Us\u0142ugodawcy.<\/span><\/p><p style=\"margin: 0cm 0cm 7.5pt; font-family: Calibri, sans-serif; caret-color: #000000; color: #000000; text-align: justify;\"><span style=\"font-size: 11.5pt; font-family: Arial, sans-serif; color: #606060;\">3. Us\u0142ugobiorcy zobowi\u0105zani s\u0105 do terminowego regulowania swoich zobowi\u0105za\u0144 wobec Us\u0142ugodawcy.<\/span><\/p><p style=\"margin: 0cm 0cm 7.5pt; font-family: Calibri, sans-serif; caret-color: #000000; color: #000000; text-align: justify;\"><span style=\"font-size: 11.5pt; font-family: Arial, sans-serif; color: #606060;\">4. W przypadku nie uiszczenia op\u0142at w terminie okre\u015blonym w pkt.3 Us\u0142ugodawca zastrzega sobie prawo \u017c\u0105dania odsetek ustawowych za zw\u0142ok\u0119 i anulowania kolejnych rezerwacji.<\/span><\/p><p style=\"margin: 0cm 0cm 0.0001pt; font-family: Calibri, sans-serif; caret-color: #000000; color: #000000; text-align: justify;\">\u00a0<\/p><p style=\"margin: 0cm 0cm 11.25pt; font-family: Calibri, sans-serif; caret-color: #000000; color: #000000; text-align: center;\" align=\"center\"><span style=\"font-size: 13.5pt; font-family: Arial, sans-serif; color: #34343c;\">\u00a75 PRZEPISY KO\u0143COWE<\/span><\/p><p style=\"margin: 0cm 0cm 7.5pt; font-family: Calibri, sans-serif; caret-color: #000000; color: #000000; text-align: justify;\"><span style=\"font-size: 11.5pt; font-family: PMingLiU, serif; color: #606060;\"><br \/><\/span><span style=\"font-size: 11.5pt; font-family: Arial, sans-serif; color: #606060;\">1. Dokonanie rezerwacji sali oznacza akceptacj\u0119 niniejszego Regulaminu.<\/span><\/p><p style=\"margin: 0cm 0cm 7.5pt; text-align: justify;\"><span style=\"color: #606060; font-family: Arial, sans-serif;\"><span style=\"caret-color: #000000; font-size: 11.5pt;\">2. Regulamin w niniejszym,\u00a0<\/span><span style=\"caret-color: #000000; font-size: 15.333333015441895px;\">brzmieniu<\/span><span style=\"caret-color: #000000; font-size: 11.5pt;\">\u00a0obowi\u0105zuje od dnia 1 stycznia 2022 roku.<\/span><\/span><\/p>\t\t\t\t\t<\/div>\n\t\t\t\t\t\t<\/div>\n\t\t\t\t<\/div>\n\t\t\t\t\t\t<\/div>\n\t\t\t\t\t<\/div>\n\t\t<\/div>\n\t\t\t\t\t\t\t\t<\/div>\n\t\t\t\t\t<\/div>\n\t\t<\/section>\n\t\t\t\t\t\t\t\t\t<\/div>\n\t\t\t<\/div>\n\t\t\t\t\t<\/div>\n\t\t","protected":false},"excerpt":{"rendered":"<p>\u00a71 WST\u0118P 1. Niniejszy regulamin okre\u015bla zasady \u015bwiadczenia us\u0142ug przez firm\u0119 Tamara Szweryn-Jarecka, NIP 5252008280 ul. Kr\u00f3\u017ca\u0144ska 8 lok. 1\/2\/, 02-578 Warszawa, w\u0142a\u015bciciela marki DreamSpace,&hellip;<\/p>\n","protected":false},"author":1,"featured_media":0,"parent":0,"menu_order":0,"comment_status":"closed","ping_status":"closed","template":"","meta":[],"yoast_head":"<!-- This site is optimized with the Yoast SEO plugin v19.13 - https:\/\/yoast.com\/wordpress\/plugins\/seo\/ -->\n<title>Regulamin wynajmu - DREAMSPACE<\/title>\n<meta name=\"robots\" content=\"index, follow, max-snippet:-1, max-image-preview:large, max-video-preview:-1\" \/>\n<link rel=\"canonical\" href=\"https:\/\/dreamspace.pl\/index.php\/regulamin-wynajmu\/\" \/>\n<meta property=\"og:locale\" content=\"pl_PL\" \/>\n<meta property=\"og:type\" content=\"article\" \/>\n<meta property=\"og:title\" content=\"Regulamin wynajmu - DREAMSPACE\" \/>\n<meta property=\"og:description\" content=\"\u00a71 WST\u0118P 1. Niniejszy regulamin okre\u015bla zasady \u015bwiadczenia us\u0142ug przez firm\u0119 Tamara Szweryn-Jarecka, NIP 5252008280 ul. Kr\u00f3\u017ca\u0144ska 8 lok. 1\/2\/, 02-578 Warszawa, w\u0142a\u015bciciela marki DreamSpace,&hellip;\" \/>\n<meta property=\"og:url\" content=\"https:\/\/dreamspace.pl\/index.php\/regulamin-wynajmu\/\" \/>\n<meta property=\"og:site_name\" content=\"DREAMSPACE\" \/>\n<meta property=\"article:modified_time\" content=\"2022-01-03T08:52:27+00:00\" \/>\n<meta name=\"twitter:card\" content=\"summary_large_image\" \/>\n<meta name=\"twitter:label1\" content=\"Szacowany czas czytania\" \/>\n\t<meta name=\"twitter:data1\" content=\"3 minuty\" \/>\n<script type=\"application\/ld+json\" class=\"yoast-schema-graph\">{\"@context\":\"https:\/\/schema.org\",\"@graph\":[{\"@type\":\"WebPage\",\"@id\":\"https:\/\/dreamspace.pl\/index.php\/regulamin-wynajmu\/\",\"url\":\"https:\/\/dreamspace.pl\/index.php\/regulamin-wynajmu\/\",\"name\":\"Regulamin wynajmu - DREAMSPACE\",\"isPartOf\":{\"@id\":\"https:\/\/dreamspace.pl\/#website\"},\"datePublished\":\"2019-09-18T11:29:21+00:00\",\"dateModified\":\"2022-01-03T08:52:27+00:00\",\"breadcrumb\":{\"@id\":\"https:\/\/dreamspace.pl\/index.php\/regulamin-wynajmu\/#breadcrumb\"},\"inLanguage\":\"pl-PL\",\"potentialAction\":[{\"@type\":\"ReadAction\",\"target\":[\"https:\/\/dreamspace.pl\/index.php\/regulamin-wynajmu\/\"]}]},{\"@type\":\"BreadcrumbList\",\"@id\":\"https:\/\/dreamspace.pl\/index.php\/regulamin-wynajmu\/#breadcrumb\",\"itemListElement\":[{\"@type\":\"ListItem\",\"position\":1,\"name\":\"Strona g\u0142\u00f3wna\",\"item\":\"https:\/\/dreamspace.pl\/\"},{\"@type\":\"ListItem\",\"position\":2,\"name\":\"Regulamin wynajmu\"}]},{\"@type\":\"WebSite\",\"@id\":\"https:\/\/dreamspace.pl\/#website\",\"url\":\"https:\/\/dreamspace.pl\/\",\"name\":\"DREAMSPACE\",\"description\":\"Komfortowe Gabinety na Mokotowie\",\"publisher\":{\"@id\":\"https:\/\/dreamspace.pl\/#organization\"},\"potentialAction\":[{\"@type\":\"SearchAction\",\"target\":{\"@type\":\"EntryPoint\",\"urlTemplate\":\"https:\/\/dreamspace.pl\/?s={search_term_string}\"},\"query-input\":\"required name=search_term_string\"}],\"inLanguage\":\"pl-PL\"},{\"@type\":\"Organization\",\"@id\":\"https:\/\/dreamspace.pl\/#organization\",\"name\":\"DREAMSPACE\",\"url\":\"https:\/\/dreamspace.pl\/\",\"logo\":{\"@type\":\"ImageObject\",\"inLanguage\":\"pl-PL\",\"@id\":\"https:\/\/dreamspace.pl\/#\/schema\/logo\/image\/\",\"url\":\"https:\/\/dreamspace.pl\/wp-content\/uploads\/2019\/08\/cropped-logo-02-2.jpg\",\"contentUrl\":\"https:\/\/dreamspace.pl\/wp-content\/uploads\/2019\/08\/cropped-logo-02-2.jpg\",\"width\":662,\"height\":662,\"caption\":\"DREAMSPACE\"},\"image\":{\"@id\":\"https:\/\/dreamspace.pl\/#\/schema\/logo\/image\/\"}}]}<\/script>\n<!-- \/ Yoast SEO plugin. -->","yoast_head_json":{"title":"Regulamin wynajmu - DREAMSPACE","robots":{"index":"index","follow":"follow","max-snippet":"max-snippet:-1","max-image-preview":"max-image-preview:large","max-video-preview":"max-video-preview:-1"},"canonical":"https:\/\/dreamspace.pl\/index.php\/regulamin-wynajmu\/","og_locale":"pl_PL","og_type":"article","og_title":"Regulamin wynajmu - DREAMSPACE","og_description":"\u00a71 WST\u0118P 1. Niniejszy regulamin okre\u015bla zasady \u015bwiadczenia us\u0142ug przez firm\u0119 Tamara Szweryn-Jarecka, NIP 5252008280 ul. Kr\u00f3\u017ca\u0144ska 8 lok. 1\/2\/, 02-578 Warszawa, w\u0142a\u015bciciela marki DreamSpace,&hellip;","og_url":"https:\/\/dreamspace.pl\/index.php\/regulamin-wynajmu\/","og_site_name":"DREAMSPACE","article_modified_time":"2022-01-03T08:52:27+00:00","twitter_card":"summary_large_image","twitter_misc":{"Szacowany czas czytania":"3 minuty"},"schema":{"@context":"https:\/\/schema.org","@graph":[{"@type":"WebPage","@id":"https:\/\/dreamspace.pl\/index.php\/regulamin-wynajmu\/","url":"https:\/\/dreamspace.pl\/index.php\/regulamin-wynajmu\/","name":"Regulamin wynajmu - DREAMSPACE","isPartOf":{"@id":"https:\/\/dreamspace.pl\/#website"},"datePublished":"2019-09-18T11:29:21+00:00","dateModified":"2022-01-03T08:52:27+00:00","breadcrumb":{"@id":"https:\/\/dreamspace.pl\/index.php\/regulamin-wynajmu\/#breadcrumb"},"inLanguage":"pl-PL","potentialAction":[{"@type":"ReadAction","target":["https:\/\/dreamspace.pl\/index.php\/regulamin-wynajmu\/"]}]},{"@type":"BreadcrumbList","@id":"https:\/\/dreamspace.pl\/index.php\/regulamin-wynajmu\/#breadcrumb","itemListElement":[{"@type":"ListItem","position":1,"name":"Strona g\u0142\u00f3wna","item":"https:\/\/dreamspace.pl\/"},{"@type":"ListItem","position":2,"name":"Regulamin wynajmu"}]},{"@type":"WebSite","@id":"https:\/\/dreamspace.pl\/#website","url":"https:\/\/dreamspace.pl\/","name":"DREAMSPACE","description":"Komfortowe Gabinety na Mokotowie","publisher":{"@id":"https:\/\/dreamspace.pl\/#organization"},"potentialAction":[{"@type":"SearchAction","target":{"@type":"EntryPoint","urlTemplate":"https:\/\/dreamspace.pl\/?s={search_term_string}"},"query-input":"required name=search_term_string"}],"inLanguage":"pl-PL"},{"@type":"Organization","@id":"https:\/\/dreamspace.pl\/#organization","name":"DREAMSPACE","url":"https:\/\/dreamspace.pl\/","logo":{"@type":"ImageObject","inLanguage":"pl-PL","@id":"https:\/\/dreamspace.pl\/#\/schema\/logo\/image\/","url":"https:\/\/dreamspace.pl\/wp-content\/uploads\/2019\/08\/cropped-logo-02-2.jpg","contentUrl":"https:\/\/dreamspace.pl\/wp-content\/uploads\/2019\/08\/cropped-logo-02-2.jpg","width":662,"height":662,"caption":"DREAMSPACE"},"image":{"@id":"https:\/\/dreamspace.pl\/#\/schema\/logo\/image\/"}}]}},"_links":{"self":[{"href":"https:\/\/dreamspace.pl\/index.php\/wp-json\/wp\/v2\/pages\/182"}],"collection":[{"href":"https:\/\/dreamspace.pl\/index.php\/wp-json\/wp\/v2\/pages"}],"about":[{"href":"https:\/\/dreamspace.pl\/index.php\/wp-json\/wp\/v2\/types\/page"}],"author":[{"embeddable":true,"href":"https:\/\/dreamspace.pl\/index.php\/wp-json\/wp\/v2\/users\/1"}],"replies":[{"embeddable":true,"href":"https:\/\/dreamspace.pl\/index.php\/wp-json\/wp\/v2\/comments?post=182"}],"version-history":[{"count":4,"href":"https:\/\/dreamspace.pl\/index.php\/wp-json\/wp\/v2\/pages\/182\/revisions"}],"predecessor-version":[{"id":230,"href":"https:\/\/dreamspace.pl\/index.php\/wp-json\/wp\/v2\/pages\/182\/revisions\/230"}],"wp:attachment":[{"href":"https:\/\/dreamspace.pl\/index.php\/wp-json\/wp\/v2\/media?parent=182"}],"curies":[{"name":"wp","href":"https:\/\/api.w.org\/{rel}","templated":true}]}}